e 6) in base 7?
-1114460
Convert 1a2807 (base 11) to base 16.
4bf3a
What is 1596689 (base 12) in base 16?
439149
12004144 (base 6) to base 7
3115615
What is -33123230 (base 4) in base 12?
-306b8
3143304420 (base 5) to base 15
8ab45a
Convert -75700335 (base 8) to base 7.
-254604512
Convert -4b05e (base 16) to base 7.
-2416621
Convert -10547 (base 11) to base 8.
-35701
5021631 (base 9) to base 8
12141722
What is 8605250 (base 10) in base 2?
100000110100111001000010
Convert 6a569 (base 14) to base 2.
111111001111000001
204240 (base 6) to base 9
24576
Convert -ab2d6 (base 14) to base 7.
-3345456
10101011011110000 (base 2) to base 13
30c63
Convert -f704 (base 16) to base 10.
-63236
What is 695658 (base 10) in base 8?
2516552
What is 3aa9da (base 15) in base 4?
22300210003
What is -323143 (base 7) in base 6?
-1112444
Convert -1507781 (base 9) to base 10.
-832429
What is -1101212333 (base 4) in base 11?
-209163
Convert -521431 (base 6) to base 3.
-2010102001
What is -a3046 (base 12) in base 13?
-759c9
Convert 101541322 (base 6) to base 4.
12300102302
4261030 (base 10) to base 4
100100102212
142b3b (base 14) to base 10
699185
1008581 (base 15) to base 8
53436367
What is 8327607 (base 9) in base 16?
43dca1
Convert -1102200 (base 7) to base 12.
-66320
Convert 1011101011011000 (base 2) to base 10.
47832
Convert 45969 (base 15) to base 13.
79a85
Convert 231201110 (base 4) to base 3.
100110202122
Convert 12211130313 (base 4) to base 15.
241743
What is 32306232 (base 7) in base 5?
1201233102
Convert 2031110003 (base 4) to base 3.
1002101222202
What is 55546 (base 11) in base 8?
235203
Convert 112000011202202 (base 3) to base 14.
dba9b4
Convert 262030 (base 8) to base 4.
112100120
-323412 (base 5) to base 6
-123231
-485097 (base 13) to base 7
-20442324
-2221565 (base 7) to base 12
-112925
Convert 38731a (base 11) to base 12.
254bba
What is 202111 (base 3) in base 4?
20221
Convert 1010111111101110110011 (base 2) to base 12.
b7012b
What is 431436 (base 8) in base 5?
14103113
What is -188722 (base 12) in base 3?
-210211021022
What is 322140241 (base 5) in base 6?
45131435
Convert 122524244 (base 6) to base 11.
1382606
Convert 23431103 (base 5) to base 15.
44753
189054a (base 12) to base 13
10ba660
Convert 2000001021 (base 3) to base 5.
2230100
Convert 5ba2b (base 12) to base 9.
208278
What is -da737 (base 14) in base 11?
-330995
Convert 101301012101 (base 4) to base 10.
4657553
What is 2b588b (base 13) in base 4?
10011002121
Convert 133021142 (base 5) to base 3.
1021012120221
Convert -25d754 (base 14) to base 15.
-1ab94b
What is -2010122310 (base 4) in base 6?
-15343020
What is 3ab65 (base 12) in base 6?
1423405
-4445243 (base 6) to base 5
-24132331
Convert -1200102102211 (base 3) to base 14.
-193b85
Convert -1201202220111 (base 3) to base 11.
-579783
25466 (base 14) to base 3
11122102011
Convert -4db7da (base 14) to base 16.
-28ee54
What is 35646 (base 14) in base 4?
133302132
11001111110000011110011 (base 2) to base 9
13725476
Convert -edab2 (base 16) to base 3.
-1211110101012
What is -394939 (base 12) in base 11?
-5932a4
-1011001011120 (base 3) to base 2
-10010101001011010001
What is -6461133 (base 8) in base 9?
-3224808
Convert -a274 (base 14) to base 12.
-141ba
What is 3315224 (base 6) in base 2?
101000011110000000
-321041400 (base 5) to base 13
-381b40
-22221220120 (base 3) to base 4
-223003200
What is -110021002102 (base 3) in base 15?
-4b7ae
-412163 (base 7) to base 9
-116522
What is -169921b (base 13) in base 2?
-11011111101111110100111
Convert 2e65e (base 16) to base 7.
1421033
Convert 1365203 (base 7) to base 15.
39912
What is -956933 (base 10) in base 12?
-3a1945
63a15 (base 12) to base 10
131057
Convert -5225502 (base 7) to base 5.
-130103443
-20016555 (base 7) to base 2
-110010011010001110110
Convert b21 (base 15) to base 13.
11aa
What is -2123323022 (base 4) in base 9?
-1173068
What is -103920 (base 11) in base 14?
-447a3
What is 1023101233 (base 4) in base 13?
aa461
What is dd681d (base 14) in base 2?
11100101001010010111011
What is 134db (base 15) in base 13?
22202
What is 1110010000010010110 (base 2) in base 15?
935e9
-21534231 (base 6) to base 8
-2366013
What is 13050 (base 6) in base 3?
2201010
What is 1dc759 (base 14) in base 12?
43818b
2784983 (base 10) to base 11
1632443
What is 3730072 (base 8) in base 9?
1836323
76007 (base 8) to base 7
161366
What is 161863 (base 9) in base 4?
120120021
What is 1286695 (base 10) in base 15?
1a639a
What is -15c40 (base 15) in base 10?
-70260
Convert 451153 (base 8) to base 12.
7408b
Convert -11133113 (base 9) to base 2.
-10100100101001111011110
Convert -22061215 (base 7) to base 6.
-104355311
Convert 3200120 (base 9) to base 2.
110100010000110001000
What is 13702873 (base 9) in base 10?
6792807
-141400252 (base 6) to base 8
-12763450
-1066504 (base 7) to base 3
-20211022101
-54166014 (base 7) to base 10
-4621593
Convert -78dd0 (base 14) to base 12.
-121aa2
What is -12121111111 (base 4) in base 10?
-1676629
244215 (base 6) to base 16
54b3
Convert 121101122122001 (base 3) to base 15.
b71844
Convert -2554c (base 13) to base 15.
-156b1
-36b12c6 (base 13) to base 16
-103c81d
Convert 3555220 (base 6) to base 11.
118129
-11765805 (base 9) to base 5
-2434141132
What is 1000011101001011010001100 (base 2) in base 5?
14014431020
Convert 41511415 (base 6) to base 5.
302110242
Convert -27325 (base 8) to base 12.
-6b31
What is 14a0061 (base 11) in base 2?
1001110001100011000010
-2055247 (base 8) to base 5
-120004440
Convert -104459 (base 12) to base 10.
-256389
642277 (base 10) to base 9
1178031
-3d4d24 (base 15) to base 7
-34045324
Convert -35103143 (base 6) to base 11.
-679670
What is -7bd1 (base 16) in base 8?
-75721
Convert -210021200132 (base 4) to base 5.
-4411214001
-51908 (base 16) to base 15
-68ec8
5a9422 (base 14) to base 15
413260
10001010001001010 (base 2) to base 14
1bac2
Convert a02960 (base 11) to base 7.
16502331
310222201233 (base 4) to base 3
221222101211110
-11020000102212 (base 3) to base 7
-25034543
What is -413526 (base 7) in base 5?
-4232143
What is -3046052 (base 8) in base 6?
-25135054
-21021123302 (base 4) to base 12
-977842
111111010011000000 (base 2) to base 16
3f4c0
Convert 92326b (base 13) to base 3.
20102000211220
234552341 (base 6) to base 15
5c80e4
-194468 (base 11) to base 7
-2352565
What is 296b (base 12) in base 10?
4835
Convert -4151613 (base 7) to base 3.
-221101221120
What is -2087171 (base 12) in base 9?
-12513414
What is -1054051 (base 9) in base 5?
-121122313
-1430003200 (base 5) to base 4
-32103220121
What is 124842 (base 9) in base 14?
1d885
223416550 (base 7) to base 13
2a82cb1
What is 3313110032 (base 4) in base 13?
296117
What is -103030424 (base 5) in base 4?
-1223103001
87de0 (base 16) to base 7
4505325
43278 (base 11) to base 10
62884
Convert -ae7eeb (base 15) to base 14.
-116b760
Convert 10841434 (base 9) to base 3.
100221101111011
What is 28ac17 (base 15) in base 6?
110003034
Convert 4928a56 (base 11) to base 10.
8576904
Convert -a6339 (base 12) to base 8.
-652135
What is 6d5ac (base 15) in base 16?
552f0
10200111112 (base 3) to base 15
1675b
What is -101131024 (base 5) in base 15?
-81d5e
Convert -3107723 (base 11) to base 9.
-11281240
Convert 25201 (base 12) to base 7.
266641
What is 145287 (base 14) in base 9?
1285052
Convert 11100000100010101 (base 2) to base 6.
2244125
-10133212212 (base 4) to base 13
-323271
-2487095 (base 11) to base 5
-2101021000
3b4a1 (base 15) to base 4
232121203
317432 (base 8) to base 10
106266
What is -4a70aa (base 15) in base 13?
-97ba8a
What is -40aa38 (base 11) in base 15?
-d02ca
Convert 123331333120 (base 4) to base 13.
1699258
-10350330 (base 6) to base 5
-34403440
Convert -1451341 (base 6) to base 11.
-5860a
64a02e (base 16) to base 10
6594606
13222111210 (base 4) to base 8
7522544
-a7a646 (base 12) to base 13
-71ac48
Convert 235187 (base 9) to base 16.
22912
Convert 101111110101011100 (base 2) to base 7.
1444142
What is -2454325 (base 6) in base 5?
-13210020
Convert 256aa (base 14) to base 8.
263346
What is 243187 (base 12) in base 8?
2170467
-370288 (base 13) to base 7
-14112436
-791d (base 16) to base 7
-156252
333354405 (base 6) to base 4
113010322211
Convert 10323230113 (base 4) to base 11.
803567
What is -5152361 (base 9